se 11) to base 3.
-11100
Convert -730 (base 10) to base 8.
-1332
120022101 (base 3) to base 7
44353
What is -2433 (base 6) in base 10?
-597
What is -113315 (base 8) in base 6?
-454421
-11000000100 (base 2) to base 14
-7c0
10323122 (base 4) to base 15
5eab
-120 (base 3) to base 14
-11
-23331 (base 4) to base 13
-46b
Convert -79a8 (base 16) to base 4.
-13212220
What is -2320 (base 6) in base 13?
-336
Convert 139b (base 15) to base 2.
1000001100100
Convert -31c (base 13) to base 15.
-257
Convert 1001001010 (base 2) to base 16.
24a
What is 105111 (base 6) in base 5?
241044
Convert -1010011100010 (base 2) to base 4.
-1103202
Convert 76461 (base 9) to base 15.
1003a
-59e7 (base 16) to base 5
-1214030
What is 7335 (base 11) in base 9?
14287
What is -6201 (base 7) in base 9?
-2856
Convert -38e6 (base 16) to base 10.
-14566
What is 149ba (base 15) in base 11?
45916
Convert -11111111000 (base 2) to base 11.
-1595
Convert -e3a (base 16) to base 2.
-111000111010
Convert -12b57 (base 12) to base 10.
-25843
Convert -21422 (base 5) to base 7.
-4223
-66b (base 14) to base 6
-5515
-2164 (base 7) to base 12
-551
What is 6ac4 (base 16) in base 2?
110101011000100
What is 5052 (base 7) in base 2?
11011011000
6256 (base 8) to base 5
100441
-e61 (base 16) to base 12
-2169
Convert -1821 (base 12) to base 11.
-2201
Convert -1030 (base 8) to base 11.
-448
What is 1832 (base 10) in base 4?
130220
What is -101110111010 (base 2) in base 4?
-232322
71203 (base 10) to base 12
35257
What is -65381 (base 9) in base 3?
-2012102201
-957 (base 12) to base 2
-10101010011
Convert 4e45 (base 16) to base 14.
7433
Convert -100111000 (base 2) to base 15.
-15c
Convert 111111010 (base 2) to base 16.
1fa
Convert -221112 (base 3) to base 15.
-30e
2220210 (base 4) to base 13
4bab
What is -2022002 (base 3) in base 2?
-11010001100
Convert 30550 (base 7) to base 9.
11234
Convert -2201 (base 5) to base 10.
-301
Convert -48307 (base 10) to base 8.
-136263
Convert -2112 (base 6) to base 5.
-3401
Convert -13746 (base 12) to base 8.
-64546
What is 28f5 (base 16) in base 12?
6099
Convert 627 (base 9) to base 15.
241
What is 123 (base 6) in base 3?
1220
What is 20427 (base 13) in base 7?
330414
Convert 232011 (base 4) to base 13.
145b
What is -10111001000000 (base 2) in base 16?
-2e40
-23529 (base 10) to base 16
-5be9
Convert -123134 (base 5) to base 16.
-12ba
Convert 11471 (base 8) to base 12.
2a21
-b720 (base 14) to base 16
-7b60
What is -dc1 (base 14) in base 5?
-41332
Convert -4d2b (base 15) to base 7.
-66002
1042 (base 11) to base 7
4005
What is 20026 (base 8) in base 3?
102021020
What is 2040 (base 9) in base 14?
78a
What is -145 (base 15) in base 3?
-101202
559 (base 10) to base 6
2331
-b8a (base 12) to base 11
-12a7
15656 (base 9) to base 14
3cb5
1a327 (base 11) to base 4
12322313
2525 (base 13) to base 5
132040
4a7 (base 11) to base 9
737
-1238 (base 11) to base 14
-834
Convert 72 (base 10) to base 14.
52
Convert 4033 (base 10) to base 16.
fc1
61000 (base 9) to base 6
505343
Convert -42a5 (base 15) to base 14.
-51d7
34a8 (base 11) to base 5
121340
Convert 21201101 (base 3) to base 6.
42014
Convert 300004 (base 5) to base 13.
4366
Convert -33301231 (base 4) to base 15.
-14231
Convert 50 (base 13) to base 14.
49
33199 (base 10) to base 11
22a41
Convert -22242 (base 5) to base 10.
-1572
What is -243430 (base 5) in base 11?
-6a40
417 (base 12) to base 2
1001010011
Convert 313404 (base 5) to base 16.
28ef
Convert -1222021 (base 3) to base 7.
-4123
-983 (base 16) to base 9
-3305
-61 (base 13) to base 14
-59
What is 11100101010 (base 2) in base 7?
5230
What is -3630 (base 8) in base 15?
-899
Convert 1960 (base 12) to base 7.
12012
What is -2a93 (base 12) in base 3?
-20212110
-130c4 (base 14) to base 2
-1011011011100100
17874 (base 10) to base 8
42722
What is -1201010 (base 3) in base 7?
-3426
-11100100000 (base 2) to base 10
-1824
Convert 432021 (base 5) to base 11.
aaa6
-66333 (base 10) to base 12
-32479
-d36d (base 14) to base 6
-440153
Convert 399a (base 16) to base 7.
60664
-2d18 (base 14) to base 2
-1111101111010
What is -3551 (base 13) in base 16?
-1d4e
Convert -340 (base 11) to base 6.
-1515
What is -1220221 (base 4) in base 8?
-15051
What is b341 (base 12) in base 10?
19489
Convert 5555 (base 12) to base 3.
110221002
Convert 741 (base 13) to base 14.
644
What is 8a2 (base 14) in base 7?
4662
What is -1232233 (base 4) in base 12?
-4127
Convert -15701 (base 9) to base 11.
-8105
What is -152 (base 10) in base 6?
-412
-10000212 (base 3) to base 14
-b3c
Convert 13232 (base 6) to base 16.
7f4
What is -29f3 (base 16) in base 7?
-43211
-362 (base 8) to base 6
-1042
Convert -12120 (base 3) to base 8.
-226
3123 (base 5) to base 15
1c8
Convert -23129 (base 11) to base 4.
-20022103
Convert -1172 (base 9) to base 13.
-524
What is -202222 (base 3) in base 15?
-27b
-101110 (base 2) to base 7
-64
33103 (base 4) to base 3
1100021
Convert -100000111010000 (base 2) to base 9.
-25100
What is 4124 (base 5) in base 16?
21b
What is 1022000200 (base 3) in base 14?
943b
What is -10111000010 (base 2) in base 7?
-4204
Convert 56 (base 14) to base 15.
51
1120121100 (base 3) to base 11
21376
What is 123 (base 7) in base 3?
2110
4948 (base 10) to base 8
11524
What is -3122 (base 7) in base 4?
-101012
-25140 (base 8) to base 9
-15783
Convert -ba8 (base 12) to base 2.
-11010110000
What is 35304 (base 6) in base 8?
11730
Convert -13b (base 13) to base 8.
-333
486 (base 15) to base 10
1026
What is 131312 (base 6) in base 4?
2323130
Convert 3533 (base 6) to base 3.
1011110
Convert -1111101101 (base 2) to base 9.
-1336
Convert -3 (base 8) to base 2.
-11
-5187 (base 11) to base 15
-2081
Convert -48b (base 12) to base 7.
-1664
What is 122200 (base 4) in base 9?
2284
Convert -10110010 (base 2) to base 4.
-2302
-2882 (base 9) to base 10
-2180
What is -760 (base 8) in base 9?
-611
What is 2212010 (base 3) in base 13?
c42
Convert -27014 (base 9) to base 6.
-220234
4702 (base 9) to base 13
1781
-2020202 (base 3) to base 4
-121220
What is 221100 (base 4) in base 2?
101001010000
What is 3 (base 10) in base 6?
3
3110 (base 11) to base 5
113000
What is -11100001000101 (base 2) in base 15?
-4405
Convert -736 (base 12) to base 11.
-875
Convert -88e (base 15) to base 14.
-9c2
Convert 182 (base 14) to base 12.
21a
What is -1239 (base 13) in base 15?
-b73
Convert 546 (base 7) to base 4.
10113
1221333 (base 4) to base 8
15177
-cb0 (base 14) to base 8
-4712
Convert -35223 (base 6) to base 13.
-23bb
Convert 9967 (base 15) to base 16.
7ef1
What is -159 (base 16) in base 11?
-294
What is -43031 (base 8) in base 5?
-1033240
Convert 225336 (base 7) to base 5.
2242210
Convert 5444 (base 8) to base 7.
11213
-16260 (base 9) to base 13
-50ca
What is -116a8 (base 11) in base 4?
-10012300
-11010001000 (base 2) to base 9
-2257
What is -102001 (base 3) in base 5?
-2143
1a4 (base 13) to base 14
179
What is -7a2e (base 15) in base 11?
-18523
210 (base 10) to base 2
11010010
What is 1834 (base 12) in base 5?
43140
Convert -531 (base 15) to base 6.
-5231
What is -10210210 (base 3) in base 15?
-c50
-3002220 (base 4) to base 7
-51213
What is 8bc (base 16) in base 3?
10001211
What is 2030033 (base 4) in base 14?
33b1
-113666 (base 7) to base 13
-94a0
4311 (base 9) to base 3
11100101
What is 93 (base 15) in base 11?
116
275 (base 16) to base 4
21311
What is 845 (base 10) in base 8?
1515
-110 (base 13) to base 2
-10110110
Convert 2404 (base 10) to base 12.
1484
28 (base 16) to base 11
37
Convert -1021110 (base 5) to base 3.
-212100202
21 (base 8) to base 4
101
Convert -1061 (base 7) to base 3.
-112022
What is 1205 (base 15) in base 7?
14111
Convert 24012 (base 6) to base 10.
3464
What is 2755 (base 15) in base 2?
10000011010101
Convert 5670 (base 9) to base 10.
4194
-105 (base 12) to base 13
-b6
Convert a7c4 (base 16) to base 14.
1191a
What is 2178 (base 11) in base 8?
5464
What is -32b (base 13) in base 7?
-1405
What is 31475 (base 10) in base 11?
21714
Convert 13210103 (base 4) to base 9.
46458
-1458 (base 15) to base 2
-1000100000110
Convert 412402 (base 5) to base 7.
54202
Convert b48 (base 12) to base 10.
1640
Convert -52344 (base 7) to base 4.
-3021012
What is 1204120 (base 6) in base 15?
13a80
Convert 94a6 (base 14) to base 13.
b883
What is 2315 (base 